alse
Let v = -30 - -38. Let c(o) = 17*o - 17. Is c(v) prime?
False
Suppose 4*o - 30235 = 5*r, o - 10563 = r - 3003. Suppose 9*n = 14*n - o. Is n a composite number?
True
Let g be (2 - 4)/(-4 + 2). Let k = g + -10. Is (-553)/(-3) - 6/k a prime number?
False
Suppose -1140 + 6109 = r. Is r composite?
False
Let v(s) = s + 1. Let l(h) = -226*h + 2. Let u(t) = l(t) + 2*v(t). Let m be u(-6). Suppose -o = -2*r + 4*o + m, 5*r + 4*o - 3403 = 0. Is r a prime number?
False
Let v(k) = -169*k - 9. Let x be v(-3). Suppose 0 = -u - f + x, 2685 - 686 = 4*u - 3*f. Is u prime?
True
Suppose 2*p = -2*t - 4379 + 43507, 4*t = -2*p + 39132. Is p a prime number?
False
Let x(g) = -622*g - 40. Let k be x(-14). Suppose 3*t + 931 - k = 0. Is t prime?
True
Let y(h) = h**3 - 5*h**2 + 3*h + 3. Let f be y(4). Let t(w) = 3*w + 1. Let d be t(f). Is (67/d)/((-4)/8) prime?
True
Suppose -4*a = -0*a - 8. Suppose -2*j + 3*p = 0, -3*j - p - 2*p + 30 = 0. Suppose -j = -a*n + 16. Is n composite?
False
Suppose -5*r - 2*h + 30 = -178, -48 = -r - 2*h. Suppose 3*q - r = -q. Suppose 0 = 2*y + q, -2*d + 4*y + 318 = 0. Is d a composite number?
False
Let d be 18/45 - 16/(-10). Let u(o) = 7 + d*o**2 + 0*o**2 - 5*o + 0*o**2. Is u(-10) prime?
True
Suppose 180 - 549 = k. Let b = k + 681. Suppose 5*i = 5*l + 405, 4*i + 3*l = 4*l + b. Is i a composite number?
True
Let k(i) = 6*i - 10*i + 5*i + 15. Let a be k(-15). Suppose a*n - 2*n + 430 = 0. Is n prime?
False
Let p(d) = -d**2 - d. Let z be p(-2). Let o be (-142 + -8)*(-6)/(-5). Is z/6*3 - o a composite number?
False
Suppose -13690 + 177059 = 23*g. Is g prime?
True
Suppose 3*m - 2*s = 2*s + 17, 2*m - 3*s = 12. Suppose -m*u = -7234 + 55. Is u a prime number?
True
Is ((-13466)/(-6)*1)/((-8)/(-24)) a prime number?
True
Suppose 2*d = -3*d + 3*m + 28, -2 = 2*m. Suppose -6*r + 4041 = -2*r - d*t, 0 = -2*r + 5*t + 2023. Is r prime?
True
Suppose -43*b = 78996 - 9870397. Is b a prime number?
True
Let y be (2494/8)/(10/40). Let n = y - -264. Is n prime?
True
Let l(f) = -f**3 + 7*f**2 - 4*f + 27. Let q be l(7). Is (6/(-3) - q)*(0 + -998) composite?
True
Let l be (-562)/(-6) + (-2)/(-6). Let h be 369/(-9)*(6 - 11). Let f = h - l. Is f prime?
False
Let i = 584 + 352. Let o = i - 501. Suppose -2*l - 3*n = -290, o = 4*l - l - 3*n. Is l a composite number?
True
Let o(u) = -4*u**2 - 14*u - 12. Let m be o(-2). Suppose 0 = -5*i + 4*v + 2888, -3*i + 5*v + 1526 + 199 = 0. Suppose 2*c - 6*c + i = m. Is c a composite number?
True
Let d be (15/12)/((-7)/(-28)). Let y = 26 + d. Is y composite?
False
Suppose -2*t - 5*r + 13657 = -0*r, -t - 3*r + 6830 = 0. Is t composite?
True
Suppose -20 = 5*p + 5*u, 0 = p + 2*p - u - 4. Let o(i) = 8*i + 445. Is o(p) a composite number?
True
Let v(k) = 20*k + 46. Let x(w) = 10*w + 23. Let t(c) = 2*v(c) - 5*x(c). Suppose 5*b = 5*u + 75, -3*u - 40 = -4*b + 2*b. Is t(u) composite?
True
Let d(a) = -70*a + 3 - 122*a + 10. Is d(-5) a prime number?
False
Suppose -c - 20 = -3*c. Let v = 12 - c. Suppose -5*a = v*q - 2788, 2*q + q = -2*a + 4193. Is q a prime number?
True
Suppose 11*o = 379544 - 140503. Is o prime?
False
Let o(v) = 12*v**2 - 8*v - 3. Let b = 75 - 47. Suppose 5*y + b = y. Is o(y) a prime number?
True
Let i(p) = -p**3 - 4*p**2 + 6*p - 3. Let v be i(-5). Let x(n) = -2*n**3 - 9*n**2 + 17*n - 5. Is x(v) composite?
False
Let x(i) be the first derivative of i**3/3 + 5*i**2/2 - 3*i + 1. Let g be x(-5). Is 27 + g + -2 + -1 a composite number?
True
Let d(j) = j**3 - 12*j**2 + 8. Let z be d(12). Let b = z + 201. Is b composite?
True
Suppose 0*u + u - 5*v - 380 = 0, -u = -v - 396. Is ((-358)/8)/((-20)/u) a composite number?
True
Let x(o) = -347*o**3 - o. Let v be x(-1). Suppose j = 2*f - j + v, j = -1. Let s = f + 262. Is s composite?
True
Let r = 11261 + 18056. Is r composite?
True
Suppose 0 = c + 2*m + 4, -m - 1 - 1 = 0. Suppose c = q - 4*k - 162, 2*k + 692 = 4*q - 3*k. Let l = 181 + q. Is l a prime number?
True
Let w = -101 + 81. Let r = 1231 + w. Is r a composite number?
True
Suppose 4*k + 5*k = 36. Suppose -19 = -c + 7*o - 2*o, 0 = -k*c - 2*o + 32. Is c a composite number?
True
Let h be (-17 - -19) + 2/1. Suppose -4*l = h*w - 9164, w + l = -4*l + 2307. Is w prime?
True
Let d = 10358 + -7393. Is d a composite number?
True
Let q(l) = 130*l**2 + 3*l + 42. Is q(13) a prime number?
True
Let a(g) = g**3 - 3*g**2 + 57*g - 33. Is a(22) a composite number?
True
Suppose -5*d - 3*s - 6964 + 44961 = 0, 5*d - 4*s = 37969. Is d a prime number?
False
Let l be (-10)/3 + (-9)/(-27) + 2245. Suppose -w = w - l. Is w a composite number?
True
Is ((-23995)/(-30))/(11/66) prime?
True
Suppose 2*p - 1146 = 296. Let j = p - -192. Is j composite?
True
Is 3*(-1 - ((-52964)/12 - 5)) prime?
False
Let u = 15901 - 9342. Is u prime?
False
Is 369040/6 + 28/84 a prime number?
True
Let n be (1860/35)/(4/42). Suppose 4*i - 4*l = n - 210, 184 = 2*i + 3*l. Is i prime?
True
Let y = 65 - 57. Let u(j) = -j**3 + 12*j**2 - 12*j + 17. Is u(y) a prime number?
False
Let s be -20*(-44)/(-30)*9. Let b = s + 571. Is b prime?
True
Suppose -4*v - 5*m + 485 = -2*v, 5*v - 5*m = 1230. Let j(z) = -3*z**2 - 21*z - 28. Let a be j(-10). Let d = v + a. Is d a prime number?
True
Let j(g) = 69*g**2 + 10*g + 50. Is j(-4) a composite number?
True
Is (-50304)/(-120) - 2/10 a composite number?
False
Let o = -23 - -26. Suppose -s + 1356 = -2*q + 241, -s + o*q + 1115 = 0. Is s a prime number?
False
Let y be 1/7 - (-5)/(-35). Let o = -14 + 35. Suppose y*p - 3*p + o = 0. Is p a composite number?
False
Let j = -40 - -619. Is j a composite number?
True
Let a(n) = -83*n - 11. Let k = -28 - -23. Let v be a(k). Let d = 589 - v. Is d prime?
False
Suppose 5 = -5*j, -32*j + 53593 = z - 34*j. Is z a prime number?
True
Let u(f) = -5*f + 47. Let s be u(-22). Let k be ((-4)/8)/(2/(-12)). Suppose -10 = -5*x, 7*l - 6*l = k*x + s. Is l a composite number?
False
Suppose -44*h - 15 = -43*h. Is 10456 + (20/(-12) - (-20)/h) a prime number?
True
Let b = -206 + 205. Let o(t) = -t + 1882. Let s be o(0). Is (b*2)/((-4)/s) composite?
False
Let k = 217 - -84. Suppose -3*v + 5*q - k = -6*v, -5*v + 477 = -4*q. Is v a composite number?
False
Let q(w) = -2*w**2 - 5*w - 3. Let n be q(-3). Let r = 6 + n. Suppose 3*a + r*a = 369. Is a prime?
False
Let l(d) = 43*d - 6. Let r(p) = 44*p - 6. Let x(y) = 4*l(y) - 3*r(y). Let f be x(2). Suppose -2*w = -3*m + 2*w + 165, -f = -m - 5*w. Is m a composite number?
False
Let m = -185576 + 319491. Is m prime?
False
Suppose -3*i - 8 - 1 = 0. Let y be i/9 + (-2431)/(-3). Suppose -5*v + 3*n + 770 = 0, v + 4*v = -5*n + y. Is v composite?
False
Let v = -9 + 3. Let m(y) = -197*y - 5. Let c be m(v). Suppose -s = 3*j - 2*j - 237, c = 5*s + j. Is s prime?
False
Let l(m) = 3*m - 10. Let j be l(6). Let t(v) = 4*v + 3*v**3 - 4*v**2 - 5*v**3 + 3*v**3 + 3. Is t(j) prime?
False
Is -2437*(-4 + 6 + -3) a prime number?
True
Let i(k) = -k**2 - 6*k - 2. Let f be i(-4). Suppose -2*g - 4*w = -f*g + 12, 3*g - 5*w = 9. Is g prime?
True
Let s(p) = 15*p**3 - 6*p**2 + p + 4. Let t be s(4). Is (5/10)/(4/t) a composite number?
False
Let a be ((-6)/1)/(-3 + 1). Suppose -j + 5*j - 2*p = 2242, 0 = 5*j + a*p - 2797. Is (3 - 1) + j/10 a composite number?
True
Let z(y) be the second derivative of 19*y**3/2 + 2*y. Let d be z(3). Suppose -d = -4*a + 633. Is a a prime number?
False
Let s(i) = -i**3 - 10*i**2 - 3*i - 15. Let b(m) = m - 21. Let u be b(10). Is s(u) a composite number?
False
Suppose 3*j + 8 = 7*j. Is 1 - 1532/(j - 4) a composite number?
True
Let q(k) be the second derivative of -k**7/1260 + k**6/720 + 203*k**5/120 - 7*k**4/6 + 10*k. Let p(u) be the third derivative of q(u). Is p(0) a prime number?
False
Let k(f) = f**3 + 19*f**2 + 18*f + 99. Is k(-17) composite?
True
Suppose -24298 = -2*f + 3*c, -3*c + c - 12149 = -f. Is f a composite number?
False
Suppose -6*u - 10 = -10. Suppose u = 5*o - o - 3*r - 584, -o - 4*r = -127. Is o composite?
True
Is (-535124)/(-52) - (-14)/91 a prime number?
False
Let d = 35855 + -23448. Is d composite?
True
Suppose -2*f + 4 - 6 = 0, 616 = p - 3*f. Is p a prime number?
True
Let t = -90 - -169. Suppose 38*c - 2988 = 20*c. Let x = c - t. Is x a composite number?
True
Let g = 71 + -75. Is g*(4767/(-12) + -2) a prime number?
True
Let z = 6359 + -4452. Is z prime?
True
Let k be -1*2 - (-11 - -7). Suppo